[INFO] cloning repository https://github.com/nervosnetwork/ckb-graphql-server
[INFO] running `Command { std: "git" "-c" "credential.helper=" "-c" "credential.helper=/workspace/cargo-home/bin/git-credential-null" "clone" "--bare" "https://github.com/nervosnetwork/ckb-graphql-server" "/workspace/cache/git-repos/https%3A%2F%2Fgithub.com%2Fnervosnetwork%2Fckb-graphql-server", kill_on_drop: false }`
[INFO] [stderr] Cloning into bare repository '/workspace/cache/git-repos/https%3A%2F%2Fgithub.com%2Fnervosnetwork%2Fckb-graphql-server'...
[INFO] running `Command { std: "git" "rev-parse" "HEAD", kill_on_drop: false }`
[INFO] [stdout] cb15596c2b477bc3524ca2e48385682f324470e7
[INFO] checking nervosnetwork/ckb-graphql-server against master#cfbc6d4cf1acbac5c025acf8ed68929caa551df3 for pr-75494-beta
[INFO] running `Command { std: "git" "clone" "/workspace/cache/git-repos/https%3A%2F%2Fgithub.com%2Fnervosnetwork%2Fckb-graphql-server" "/workspace/builds/worker-11/source", kill_on_drop: false }`
[INFO] [stderr] Cloning into '/workspace/builds/worker-11/source'...
[INFO] [stderr] done.
[INFO] validating manifest of git repo https://github.com/nervosnetwork/ckb-graphql-server on toolchain cfbc6d4cf1acbac5c025acf8ed68929caa551df3
[INFO] running `Command { std: "/workspace/cargo-home/bin/cargo" "+cfbc6d4cf1acbac5c025acf8ed68929caa551df3" "read-manifest" "--manifest-path" "Cargo.toml", kill_on_drop: false }`
[INFO] started tweaking git repo https://github.com/nervosnetwork/ckb-graphql-server
[INFO] finished tweaking git repo https://github.com/nervosnetwork/ckb-graphql-server
[INFO] tweaked toml for git repo https://github.com/nervosnetwork/ckb-graphql-server written to /workspace/builds/worker-11/source/Cargo.toml
[INFO] crate git repo https://github.com/nervosnetwork/ckb-graphql-server already has a lockfile, it will not be regenerated
[INFO] running `Command { std: "/workspace/cargo-home/bin/cargo" "+cfbc6d4cf1acbac5c025acf8ed68929caa551df3" "fetch" "--locked" "--manifest-path" "Cargo.toml", kill_on_drop: false }`
[INFO] [stderr]     Blocking waiting for file lock on package cache
[INFO] [stderr]     Updating git repository `https://github.com/nervosnetwork/ckb.git`
[INFO] [stderr]     Updating git submodule `https://github.com/nervosnetwork/ckb-tests.git`
[INFO] [stderr]     Updating git repository `https://github.com/nervosnetwork/lru-cache`
[INFO] [stderr]     Updating git repository `https://github.com/nervosnetwork/linked-hash-map`
[INFO] [stderr]     Blocking waiting for file lock on package cache
[INFO] [stderr]  Downloading crates ...
[INFO] [stderr]   Downloaded molecule v0.6.0
[INFO] [stderr]   Downloaded juniper_hyper v0.5.2
[INFO] [stderr]   Downloaded merkle-cbt v0.2.1
[INFO] [stderr]   Downloaded ckb-rocksdb v0.12.3
[INFO] [stderr]   Downloaded ckb-librocksdb-sys v6.7.3
[INFO] running `Command { std: "docker" "create" "-v" "/var/lib/crater-agent-workspace/builds/worker-11/target:/opt/rustwide/target:rw,Z" "-v" "/var/lib/crater-agent-workspace/builds/worker-11/source:/opt/rustwide/workdir:ro,Z" "-v" "/var/lib/crater-agent-workspace/cargo-home:/opt/rustwide/cargo-home:ro,Z" "-v" "/var/lib/crater-agent-workspace/rustup-home:/opt/rustwide/rustup-home:ro,Z" "-e" "SOURCE_DIR=/opt/rustwide/workdir" "-e" "CARGO_TARGET_DIR=/opt/rustwide/target" "-e" "CARGO_HOME=/opt/rustwide/cargo-home" "-e" "RUSTUP_HOME=/opt/rustwide/rustup-home" "-w" "/opt/rustwide/workdir" "-m" "1610612736" "--user" "0:0" "--network" "none" "rustops/crates-build-env@sha256:a636fd89d022f18117e1dc8fb37a0a009933cdbbe082814857f0e2024962d47c" "/opt/rustwide/cargo-home/bin/cargo" "+cfbc6d4cf1acbac5c025acf8ed68929caa551df3" "metadata" "--no-deps" "--format-version=1", kill_on_drop: false }`
[INFO] [stdout] f7e1b2da52420745f3b486a621764ba39b8bff07abcf30ce492fae0b47022ef6
[INFO] [stderr] WARNING: Your kernel does not support swap limit capabilities or the cgroup is not mounted. Memory limited without swap.
[INFO] running `Command { std: "docker" "start" "-a" "f7e1b2da52420745f3b486a621764ba39b8bff07abcf30ce492fae0b47022ef6", kill_on_drop: false }`
[INFO] running `Command { std: "docker" "inspect" "f7e1b2da52420745f3b486a621764ba39b8bff07abcf30ce492fae0b47022ef6", kill_on_drop: false }`
[INFO] running `Command { std: "docker" "rm" "-f" "f7e1b2da52420745f3b486a621764ba39b8bff07abcf30ce492fae0b47022ef6", kill_on_drop: false }`
[INFO] [stdout] f7e1b2da52420745f3b486a621764ba39b8bff07abcf30ce492fae0b47022ef6
[INFO] running `Command { std: "docker" "create" "-v" "/var/lib/crater-agent-workspace/builds/worker-11/target:/opt/rustwide/target:rw,Z" "-v" "/var/lib/crater-agent-workspace/builds/worker-11/source:/opt/rustwide/workdir:ro,Z" "-v" "/var/lib/crater-agent-workspace/cargo-home:/opt/rustwide/cargo-home:ro,Z" "-v" "/var/lib/crater-agent-workspace/rustup-home:/opt/rustwide/rustup-home:ro,Z" "-e" "SOURCE_DIR=/opt/rustwide/workdir" "-e" "CARGO_TARGET_DIR=/opt/rustwide/target" "-e" "CARGO_INCREMENTAL=0" "-e" "RUST_BACKTRACE=full" "-e" "RUSTFLAGS=--cap-lints=forbid" "-e" "CARGO_HOME=/opt/rustwide/cargo-home" "-e" "RUSTUP_HOME=/opt/rustwide/rustup-home" "-w" "/opt/rustwide/workdir" "-m" "1610612736" "--user" "0:0" "--network" "none" "rustops/crates-build-env@sha256:a636fd89d022f18117e1dc8fb37a0a009933cdbbe082814857f0e2024962d47c" "/opt/rustwide/cargo-home/bin/cargo" "+cfbc6d4cf1acbac5c025acf8ed68929caa551df3" "check" "--frozen" "--all" "--all-targets" "--message-format=json", kill_on_drop: false }`
[INFO] [stdout] dd445605f173388cc5447b7d3de17f9431c7a35fe1d785a32db97c9210492320
[INFO] [stderr] WARNING: Your kernel does not support swap limit capabilities or the cgroup is not mounted. Memory limited without swap.
[INFO] running `Command { std: "docker" "start" "-a" "dd445605f173388cc5447b7d3de17f9431c7a35fe1d785a32db97c9210492320", kill_on_drop: false }`
[INFO] [stderr]    Compiling cfg-if v0.1.10
[INFO] [stderr]    Compiling unicode-xid v0.2.0
[INFO] [stderr]    Compiling lazy_static v1.4.0
[INFO] [stderr]    Compiling rustc-demangle v0.1.16
[INFO] [stderr]     Checking gimli v0.21.0
[INFO] [stderr]     Checking object v0.19.0
[INFO] [stderr]     Checking smallvec v1.4.0
[INFO] [stderr]    Compiling faster-hex v0.4.1
[INFO] [stderr]    Compiling memchr v2.3.3
[INFO] [stderr]    Compiling adler32 v1.0.4
[INFO] [stderr]     Checking regex-syntax v0.6.18
[INFO] [stderr]    Compiling bitflags v1.2.1
[INFO] [stderr]    Compiling same-file v1.0.6
[INFO] [stderr]    Compiling openssl v0.10.29
[INFO] [stderr]    Compiling faster-hex v0.3.1
[INFO] [stderr]     Checking merkle-cbt v0.2.1
[INFO] [stderr]     Checking scopeguard v0.3.3
[INFO] [stderr]    Compiling bit-vec v0.5.1
[INFO] [stderr]    Compiling glob v0.2.11
[INFO] [stderr]     Checking remove_dir_all v0.5.2
[INFO] [stderr]     Checking eaglesong v0.1.0
[INFO] [stderr]     Checking unicode-width v0.1.7
[INFO] [stderr]     Checking linked-hash-map v0.5.1 (https://github.com/nervosnetwork/linked-hash-map?rev=df27f21#df27f219)
[INFO] [stderr]     Checking strsim v0.8.0
[INFO] [stderr]     Checking ansi_term v0.11.0
[INFO] [stderr]     Checking vec_map v0.8.2
[INFO] [stderr]    Compiling crossbeam-utils v0.7.2
[INFO] [stderr]    Compiling memoffset v0.5.4
[INFO] [stderr]    Compiling crossbeam-epoch v0.8.2
[INFO] [stderr]    Compiling indexmap v1.4.0
[INFO] [stderr]     Checking thread_local v1.0.1
[INFO] [stderr]    Compiling num-traits v0.2.11
[INFO] [stderr]    Compiling num-integer v0.1.42
[INFO] [stderr]     Checking rand_core v0.3.1
[INFO] [stderr]     Checking tokio-sync v0.1.8
[INFO] [stderr]    Compiling unicase v2.6.0
[INFO] [stderr]    Compiling error-chain v0.12.2
[INFO] [stderr]     Checking miniz_oxide v0.3.6
[INFO] [stderr]     Checking crossbeam-utils v0.6.6
[INFO] [stderr]     Checking try_from v0.3.2
[INFO] [stderr]     Checking owning_ref v0.4.1
[INFO] [stderr]     Checking phf_shared v0.7.24
[INFO] [stderr]    Compiling walkdir v2.3.1
[INFO] [stderr]     Checking unicode-normalization v0.1.12
[INFO] [stderr]     Checking lru-cache v0.1.0 (https://github.com/nervosnetwork/lru-cache?rev=a35fdb8#a35fdb81)
[INFO] [stderr]    Compiling proc-macro2 v1.0.18
[INFO] [stderr]    Compiling maybe-uninit v2.0.0
[INFO] [stderr]     Checking textwrap v0.11.0
[INFO] [stderr]     Checking log v0.4.8
[INFO] [stderr]    Compiling crc32fast v1.2.0
[INFO] [stderr]    Compiling heapsize v0.4.2
[INFO] [stderr]     Checking rand_xorshift v0.1.1
[INFO] [stderr]     Checking rand_isaac v0.1.1
[INFO] [stderr]     Checking rand_hc v0.1.0
[INFO] [stderr]     Checking encoding_rs v0.8.23
[INFO] [stderr]     Checking lock_api v0.1.5
[INFO] [stderr]     Checking num_cpus v1.13.0
[INFO] [stderr]     Checking net2 v0.2.34
[INFO] [stderr]     Checking time v0.1.43
[INFO] [stderr]     Checking rand v0.5.6
[INFO] [stderr]     Checking getrandom v0.1.14
[INFO] [stderr]     Checking atty v0.2.14
[INFO] [stderr]    Compiling backtrace v0.3.48
[INFO] [stderr]     Checking phf v0.7.24
[INFO] [stderr]     Checking smallvec v0.6.13
[INFO] [stderr]     Checking crossbeam-channel v0.3.9
[INFO] [stderr]     Checking rand_chacha v0.1.1
[INFO] [stderr]    Compiling parking_lot_core v0.4.0
[INFO] [stderr]    Compiling sentry v0.16.0
[INFO] [stderr]     Checking base64 v0.10.1
[INFO] [stderr]    Compiling enum-display-derive v0.1.0
[INFO] [stderr]     Checking flate2 v1.0.14
[INFO] [stderr]     Checking want v0.2.0
[INFO] [stderr]     Checking sized-chunks v0.1.3
[INFO] [stderr]    Compiling quote v1.0.6
[INFO] [stderr]     Checking bytes v0.4.12
[INFO] [stderr]     Checking idna v0.1.5
[INFO] [stderr]     Checking idna v0.2.0
[INFO] [stderr]     Checking futures-cpupool v0.1.8
[INFO] [stderr]     Checking mio v0.6.22
[INFO] [stderr]     Checking rand_core v0.5.1
[INFO] [stderr]     Checking clap v2.33.1
[INFO] [stderr]    Compiling rand v0.6.5
[INFO] [stderr]     Checking aho-corasick v0.7.10
[INFO] [stderr]     Checking includedir v0.5.0
[INFO] [stderr]    Compiling syn v1.0.30
[INFO] [stderr]     Checking addr2line v0.12.1
[INFO] [stderr]    Compiling crossbeam-queue v0.2.2
[INFO] [stderr]     Checking tokio-executor v0.1.10
[INFO] [stderr]     Checking parking_lot_core v0.6.2
[INFO] [stderr]     Checking im v12.3.4
[INFO] [stderr]    Compiling mime_guess v2.0.3
[INFO] [stderr]    Compiling numext-constructor v0.1.4
[INFO] [stderr]     Checking tokio-io v0.1.13
[INFO] [stderr]     Checking http v0.1.21
[INFO] [stderr]     Checking tokio-buf v0.1.1
[INFO] [stderr]     Checking string v0.2.1
[INFO] [stderr]     Checking rand_chacha v0.2.2
[INFO] [stderr]     Checking tokio-timer v0.2.13
[INFO] [stderr]     Checking tokio-current-thread v0.1.7
[INFO] [stderr]     Checking url v1.7.2
[INFO] [stderr]     Checking url v2.1.1
[INFO] [stderr]    Compiling crossbeam-deque v0.7.3
[INFO] [stderr]     Checking parking_lot v0.9.0
[INFO] [stderr]     Checking mio-uds v0.6.8
[INFO] [stderr]     Checking regex v1.3.9
[INFO] [stderr]     Checking rand v0.7.3
[INFO] [stderr]     Checking tokio-codec v0.1.2
[INFO] [stderr]    Compiling phf_generator v0.7.24
[INFO] [stderr]    Compiling rayon-core v1.7.0
[INFO] [stderr]     Checking tokio-threadpool v0.1.18
[INFO] [stderr]     Checking tokio-reactor v0.1.12
[INFO] [stderr]    Compiling phf_codegen v0.7.24
[INFO] [stderr]     Checking parking_lot v0.7.1
[INFO] [stderr]     Checking cookie v0.12.0
[INFO] [stderr]    Compiling includedir_codegen v0.5.0
[INFO] [stderr]    Compiling rayon v1.3.0
[INFO] [stderr]     Checking ckb-util v0.32.1 (https://github.com/nervosnetwork/ckb.git?tag=v0.32.1#9ebc9ced)
[INFO] [stderr]     Checking tokio-uds v0.2.6
[INFO] [stderr]     Checking tokio-tcp v0.1.4
[INFO] [stderr]     Checking tokio-udp v0.1.6
[INFO] [stderr]     Checking tokio-fs v0.1.7
[INFO] [stderr]     Checking tempfile v3.1.0
[INFO] [stderr]     Checking publicsuffix v1.5.4
[INFO] [stderr]     Checking env_logger v0.6.2
[INFO] [stderr]     Checking tokio v0.1.22
[INFO] [stderr]     Checking http-body v0.1.0
[INFO] [stderr]    Compiling cc v1.0.41
[INFO] [stderr]    Compiling synstructure v0.12.3
[INFO] [stderr]    Compiling blake2b-rs v0.1.5
[INFO] [stderr]    Compiling openssl-sys v0.9.57
[INFO] [stderr]    Compiling secp256k1-sys v0.1.2
[INFO] [stderr]    Compiling ckb-librocksdb-sys v6.7.3
[INFO] [stderr]    Compiling native-tls v0.2.4
[INFO] [stderr]     Checking ckb-hash v0.32.1 (https://github.com/nervosnetwork/ckb.git?tag=v0.32.1#9ebc9ced)
[INFO] [stderr]    Compiling ckb-system-scripts v0.5.1
[INFO] [stderr] error: could not compile `syn`.
[INFO] [stderr] 
[INFO] [stderr] Caused by:
[INFO] [stderr]   process didn't exit successfully: `rustc --crate-name syn --edition=2018 /opt/rustwide/cargo-home/registry/src/github.com-1ecc6299db9ec823/syn-1.0.30/src/lib.rs --error-format=json --json=diagnostic-rendered-ansi,artifacts --crate-type lib --emit=dep-info,metadata,link -Cembed-bitcode=no -C debuginfo=2 --cfg 'feature="clone-impls"' --cfg 'feature="default"' --cfg 'feature="derive"' --cfg 'feature="extra-traits"' --cfg 'feature="full"' --cfg 'feature="parsing"' --cfg 'feature="printing"' --cfg 'feature="proc-macro"' --cfg 'feature="quote"' --cfg 'feature="visit"' -C metadata=4a49ca9d5d9cc24f -C extra-filename=-4a49ca9d5d9cc24f --out-dir /opt/rustwide/target/debug/deps -L dependency=/opt/rustwide/target/debug/deps --extern proc_macro2=/opt/rustwide/target/debug/deps/libproc_macro2-47f91dee37306a13.rmeta --extern quote=/opt/rustwide/target/debug/deps/libquote-96f55c1924a4033e.rmeta --extern unicode_xid=/opt/rustwide/target/debug/deps/libunicode_xid-00e718d0d0f7c0e6.rmeta --cap-lints allow --cap-lints=forbid --cfg syn_disable_nightly_tests` (signal: 9, SIGKILL: kill)
[INFO] [stderr] warning: build failed, waiting for other jobs to finish...
[INFO] [stderr] The following warnings were emitted during compilation:
[INFO] [stderr] 
[INFO] [stderr] warning: c++: fatal error: Killed signal terminated program cc1plus
[INFO] [stderr] warning: compilation terminated.
[INFO] [stderr] warning: c++: fatal error: Killed signal terminated program cc1plus
[INFO] [stderr] warning: compilation terminated.
[INFO] [stderr] warning: c++: fatal error: Killed signal terminated program cc1plus
[INFO] [stderr] warning: compilation terminated.
[INFO] [stderr] warning: c++: fatal error: Killed signal terminated program cc1plus
[INFO] [stderr] warning: compilation terminated.
[INFO] [stderr] warning: c++: fatal error: Killed signal terminated program cc1plus
[INFO] [stderr] warning: compilation terminated.
[INFO] [stderr] warning: c++: fatal error: Killed signal terminated program cc1plus
[INFO] [stderr] warning: compilation terminated.
[INFO] [stderr] warning: c++: fatal error: Killed signal terminated program cc1plus
[INFO] [stderr] warning: compilation terminated.
[INFO] [stderr] warning: c++: fatal error: Killed signal terminated program cc1plus
[INFO] [stderr] warning: compilation terminated.
[INFO] [stderr] 
[INFO] [stderr] error: build failed
[INFO] running `Command { std: "docker" "inspect" "dd445605f173388cc5447b7d3de17f9431c7a35fe1d785a32db97c9210492320", kill_on_drop: false }`
[INFO] running `Command { std: "docker" "rm" "-f" "dd445605f173388cc5447b7d3de17f9431c7a35fe1d785a32db97c9210492320", kill_on_drop: false }`
[INFO] [stdout] dd445605f173388cc5447b7d3de17f9431c7a35fe1d785a32db97c9210492320
